9516.
607
What is the greatest common factor of 482025 and 75?
75
Calculate the highest common divisor of 1605 and 7215.
15
Calculate the highest common divisor of 67314 and 78.
78
What is the greatest common divisor of 1380121 and 815?
163
What is the highest common divisor of 5138 and 26586?
14
Calculate the highest common divisor of 618 and 58916.
206
Calculate the greatest common divisor of 30019 and 22.
11
Calculate the highest common divisor of 1615 and 495.
5
Calculate the highest common divisor of 2613506 and 98.
14
What is the greatest common factor of 1989 and 225?
9
What is the greatest common factor of 2575 and 824?
103
Calculate the highest common factor of 61586 and 896.
14
Calculate the greatest common divisor of 2014440 and 120.
120
What is the greatest common divisor of 11664 and 1656?
72
Calculate the greatest common divisor of 551 and 2584.
19
What is the highest common divisor of 2070 and 3465?
45
What is the greatest common factor of 914209 and 34?
17
What is the highest common factor of 44954 and 3042?
338
What is the greatest common divisor of 75 and 16550?
25
Calculate the highest common factor of 12741 and 1736.
31
Calculate the highest common factor of 14780 and 20.
20
What is the highest common factor of 56 and 16660?
28
What is the highest common factor of 121489 and 93?
31
Calculate the highest common divisor of 23545 and 850.
85
What is the highest common factor of 300 and 9025?
25
Calculate the highest common divisor of 594 and 13473.
27
Calculate the highest common factor of 45 and 28602.
9
What is the highest common factor of 258 and 3355806?
258
What is the greatest common factor of 27 and 16521?
3
Calculate the highest common divisor of 6404943 and 1671.
1671
Calculate the greatest common factor of 292297 and 2.
1
What is the highest common factor of 23011 and 1?
1
What is the highest common divisor of 254644 and 472?
236
Calculate the highest common factor of 33432 and 120.
24
Calculate the highest common divisor of 728904 and 528.
264
Calculate the highest common divisor of 105638 and 286.
26
Calculate the greatest common factor of 294 and 4349142.
294
Calculate the greatest common divisor of 5899 and 49.
1
Calculate the highest common divisor of 19888 and 4068.
452
Calculate the greatest common divisor of 3304 and 3540.
236
Calculate the highest common factor of 1287 and 56771.
143
Calculate the greatest common factor of 2200 and 10648.
88
Calculate the greatest common divisor of 98 and 530.
2
Calculate the highest common divisor of 759 and 1017819.
759
What is the greatest common factor of 46953 and 27?
27
What is the highest common factor of 4954888 and 680?
136
Calculate the greatest common divisor of 3972 and 5292.
12
Calculate the greatest common divisor of 248636 and 732.
244
Calculate the greatest common factor of 15125 and 6193.
11
Calculate the highest common divisor of 68438 and 76.
38
What is the greatest common factor of 214 and 11235?
107
What is the greatest common factor of 55195 and 1660?
415
Calculate the greatest common divisor of 14020 and 1280.
20
Calculate the greatest common divisor of 2280663 and 18711.
2079
Calculate the highest common divisor of 990 and 9504.
198
What is the highest common divisor of 1448 and 31313?
181
What is the greatest common factor of 49440 and 17280?
480
Calculate the greatest common divisor of 19064 and 24.
8
What is the greatest common factor of 24696 and 1260?
252
What is the greatest common divisor of 6250 and 470?
10
Calculate the greatest common factor of 184621 and 2645.
529
Calculate the highest common factor of 2004 and 18840.
12
Calculate the highest common divisor of 49 and 763.
7
Calculate the greatest common factor of 64 and 412120.
8
What is the greatest common divisor of 395777 and 136?
17
What is the greatest common factor of 3901 and 83?
83
What is the greatest common divisor of 20931 and 51?
3
What is the highest common divisor of 1118 and 962?
26
Calculate the greatest common factor of 33627 and 1023.
33
Calculate the highest common divisor of 1650 and 101420.
110
Calculate the highest common factor of 192 and 9480.
24
What is the highest common divisor of 102090 and 195?
15
Calculate the greatest common divisor of 14436 and 900.
36
What is the highest common divisor of 14075 and 325?
25
Calculate the highest common divisor of 650594 and 14.
14
Calculate the highest common divisor of 30 and 23322.
6
What is the highest common divisor of 4383810 and 727?
727
Calculate the highest common divisor of 39144 and 231.
21
Calculate the greatest common divisor of 119405 and 8645.
65
Calculate the greatest common factor of 15542 and 266.
38
Calculate the highest common factor of 3 and 73833.
3
What is the greatest common factor of 25 and 26?
1
What is the greatest common divisor of 28 and 569884?
28
What is the highest common divisor of 25254 and 90?
18
Calculate the highest common factor of 4 and 215862.
2
What is the highest common divisor of 925610 and 490?
490
What is the highest common divisor of 573 and 13296?
3
What is the highest common divisor of 1050 and 28812?
42
What is the highest common divisor of 33 and 1282611?
33
Calculate the greatest common divisor of 68774 and 2259.
251
Calculate the highest common divisor of 2522 and 4074.
194
Calculate the highest common factor of 102 and 170.
34
What is the highest common factor of 36 and 105606?
18
Calculate the highest common factor of 398 and 705057.
199
What is the greatest common divisor of 32241 and 957?
33
Calculate the highest common divisor of 244 and 57157.
61
What is the greatest common divisor of 11470 and 1426?
62
What is the highest common divisor of 339 and 1307184?
339
What is the greatest common factor of 16796 and 7514?
442
What is the greatest common divisor of 221 and 61217?
221
What is the greatest common divisor of 18 and 261666?
18
What is the highest common divisor of 40 and 12620?
20
Calculate the greatest common factor of 146 and 183814.
146
Calculate the highest common divisor of 689593 and 734.
367
Calculate the highest common divisor of 12512 and 160.
32
What is the highest common divisor of 121 and 44561?
11
Calculate the highest common factor of 2123 and 27406.
193
What is the highest common factor of 126 and 27818?
14
What is the greatest common factor of 317 and 753?
1
Calculate the highest common divisor of 75 and 1868225.
25
What is the greatest common divisor of 123 and 1380?
3
Calculate the highest common factor of 226025 and 675.
25
What is the greatest common factor of 927 and 183237?
309
What is the highest common divisor of 12288 and 6000?
48
Calculate the highest common divisor of 755378 and 1105.
221
Calculate the highest common divisor of 503671 and 266.
133
What is the greatest common factor of 130950 and 63450?
1350
What is the greatest common factor of 897 and 36179?
299
Calculate the highest common factor of 98395 and 4510.
55
Calculate the greatest common factor of 4212 and 8590374.
2106
What is the highest common factor of 25 and 262555?
5
Calculate the highest common divisor of 3913 and 1763.
43
Calculate the greatest common divisor of 1620 and 976.
4
Calculate the highest common divisor of 589281 and 231.
231
Calculate the highest common factor of 9056 and 14999.
283
Calculate the highest common divisor of 3234 and 79464.
462
Calculate the greatest common divisor of 4549459 and 47.
47
What is the greatest common factor of 58918 and 178078?
662
Calculate the greatest common divisor of 226 and 6233758.
226
What is the highest common factor of 97075 and 125?
25
What is the highest common divisor of 3376 and 19834?
422
What is the highest common factor of 1932 and 2461?
23
Calculate the highest common factor of 17775 and 1440.
45
Calculate the greatest common factor of 392256 and 22464.
1728
What is the greatest common divisor of 18822 and 54?
6
What is the highest common divisor of 405 and 7590?
15
Calculate the greatest common divisor of 18062 and 374.
22
What is the greatest common divisor of 16 and 1882?
2
Calculate the greatest common factor of 29765 and 15.
5
What is the highest common divisor of 1224947 and 2661?
887
What is the greatest common divisor of 130 and 23998?
26
What is the greatest common divisor of 85074 and 102?
6
Calcul